ose -156*v = -160*v + 28. Suppose 0 = -v*y - 8*y + 7635. Is y a prime number?
True
Suppose 0 = -2*z + 6, -5*t - z = -t - 29911. Is t prime?
True
Let x be (11 - -2)/((-3)/(-939)). Let k = -4360 - x. Let p = -4930 - k. Is p prime?
True
Let c(d) = -d + 8. Let q be c(6). Let z be (8344/16 - -11) + 3/2. Suppose q*a = z + 548. Is a a prime number?
True
Suppose 0 = -11*z + 5*z + 138. Suppose z*t = 26*t - 2433. Is t prime?
True
Let v = 4569 - 778. Is v a composite number?
True
Let t be 4/(-8)*-12 - 0. Let u(s) = 2*s**3 - 3*s**2 + 4*s - 1. Let l(g) = -7*g**3 + 5*g**2 - 9*g + 3. Let i(w) = -2*l(w) - 5*u(w). Is i(t) a prime number?
True
Let y = -1 + 53. Suppose 2*z + y + 500 = 0. Let u = z + 539. Is u a prime number?
True
Let q(d) = -7*d - 33. Let k(u) = 4*u + 17. Let m(v) = -11*k(v) - 6*q(v). Let r be m(-15). Suppose 288 + r = 7*h. Is h a composite number?
False
Suppose 0 = -63*s + 65*s - 35514. Suppose -2*f + s = -15101. Is f a prime number?
False
Let b(k) = 19*k**2 + 4*k - 8. Let f(o) = 9*o - 85. Let l be f(10). Is b(l) a composite number?
False
Let r(j) = -127*j**3 - j**2 + 3*j - 20. Is r(-3) prime?
True
Let m(k) = 356*k**2 + 16*k + 101. Is m(9) a prime number?
False
Let x(o) = -o**3 - 5*o**2 + 2*o + 6. Let k be x(-5). Let w(b) = 320*b**2 + 11*b + 11. Is w(k) composite?
False
Is 223022/6 + 48/(-90)*(-5)/4 prime?
True
Let n = 99498 + -15451. Is n a prime number?
True
Is ((-43)/129)/((-2)/199494) composite?
True
Suppose -20699842 = -118*t + 5427808 + 10896384. Is t composite?
False
Suppose -3*p = 2*p + 4*j + 5404, -5*j - 2148 = 2*p. Let k = -342 - p. Suppose k = -56*r + 58*r. Is r composite?
True
Suppose -4*z = 2*x - 4168, 4*z + 13*x - 4162 = 8*x. Is z a prime number?
False
Let t(d) = -d - 6. Let m be (0*(-3)/6)/(-1). Let h be t(m). Is h/(2/(-1)) + 490 prime?
False
Let j be (-4)/(-2) + (1 - -3). Suppose v + j = p + p, -v = 4*p - 12. Suppose 72 = -p*b + 861. Is b a prime number?
True
Suppose -8*m + 3*m = -315. Let n = -61 + m. Is 1408 + (7 - 4) + n/(-1) a prime number?
True
Let g = 97 - -2215. Let f = -1633 + g. Is f composite?
True
Let y(q) = 4*q**3 + 53*q**2 + 33*q - 49. Is y(39) prime?
True
Suppose -4*q = -4, -12*q + 8 = 2*k - 8*q. Is ((-12220)/16 - 2)/(k/(-8)) a composite number?
True
Let k(r) = -r**3 - 23*r**2 + 4. Let g be k(-23). Suppose 0 = -2*o - 10, 0 = -h + 3*o - g*o + 2432. Is h prime?
True
Let p(m) = -215*m - 109. Suppose 5*v = 2*g - 8 - 80, 3*v - 5*g = -49. Is p(v) a composite number?
False
Let x be (155/25)/1 + 1/(-5). Suppose -2*u + x*u - 4*i - 28 = 0, -5*i - 10 = 0. Suppose 5*f - u*o = -3*o + 379, 5*o + 216 = 3*f. Is f a composite number?
True
Let d be 3/(-3)*(21 - -11). Is (d/80)/((-2)/53525) prime?
False
Is (936/(-60))/13 - 1838861/(-5) prime?
True
Let l = 1289043 + -762016. Is l composite?
True
Is (-4)/18 - (-3)/27 - (-87697848)/1323 a composite number?
True
Suppose 10*j + 162368 = 26*j. Suppose -j = -7*s + 9683. Is s a composite number?
False
Let u(b) = 114492*b + 1311. Is u(8) a prime number?
False
Suppose 8 = 17*f - 15*f. Suppose -2*z + 36261 = g, f*g - 2*z - 145032 = -7*z. Is g a composite number?
True
Suppose 3*b + 131936 = 6*b + 5*p, -3*b + 2*p + 131950 = 0. Is b prime?
False
Let w(p) = 585*p**2 + 2*p - 9. Is w(-7) composite?
True
Suppose 8430 = 2*w - 4334. Suppose 8*f + 6602 = -w. Let j = f + 3014. Is j a prime number?
False
Let p be (-2 - (6 - 3))*(-15720)/25. Let c = p + -1635. Is c a prime number?
False
Let r(s) be the third derivative of -29*s**7/504 + 13*s**6/720 - 13*s**5/60 - 17*s**2. Let n(c) be the third derivative of r(c). Is n(-3) composite?
False
Is (472/354)/(8/794946) a composite number?
False
Let a = 333 + -334. Is (4 - 3 - a)/(4/86) a prime number?
True
Suppose -135*g = -136*g + 3595. Suppose -91*a + 96*a = g. Is a a composite number?
False
Let v(n) = 523*n**3 + n**2 - 1. Let b be v(1). Suppose 3*l = 4*h + 27, -3*h + 4 + 12 = 5*l. Suppose 0 = l*a + b - 5018. Is a a prime number?
False
Suppose -10*o + 6*o = -5*g + 16, 4*o = -g - 16. Suppose -w + 12559 + 7013 = 3*i, w + 2*i - 19569 = g. Is w a composite number?
True
Is 1*(5 + 3)*((-2136087)/(-72) - 3) composite?
False
Suppose -5*p = -58 + 13. Suppose -10*u = -p*u - 3543. Suppose 3*x - 2124 = -3*v, -u = -5*v - 2*x - 0*x. Is v a composite number?
False
Let u(h) = 21098*h**2 + 98*h + 31. Is u(-5) a prime number?
False
Let m(x) = -56*x**2 - 5*x + 37. Let b(f) = f**3 - 58*f**2 - 4*f + 37. Let n(g) = 4*b(g) - 3*m(g). Is n(18) a composite number?
True
Let k = 1748 + 237371. Is k composite?
False
Let h(l) = -48*l**3 - 22*l**2 - 114*l - 21. Is h(-11) a prime number?
True
Suppose 4*a - 28 = t + 2*t, -7 = -a + 2*t. Let q be 361/a + 6/14. Suppose f + p - 32 = 0, 0 = 3*f - 2*p - q - 39. Is f a composite number?
False
Let s(h) = h**2 + 2*h - 64. Let m be s(7). Is (-17 + 16)/(m/7737) composite?
True
Is 30047 + (15 - (34 + -1)) a composite number?
False
Suppose -5*j - 112643 = -u, u - 42851 = -3*j + 69840. Is u composite?
True
Let c = 67 - 65. Let g be c - 5/(10/2742). Let b = g + 2534. Is b prime?
False
Suppose -y = -3*a - 19, -65*y - 51 = -70*y + 4*a. Let v(m) = 17*m**3 - 9*m**2 + 15*m + 6. Is v(y) prime?
True
Let z = 401 + 1305. Let p = z + 1361. Is p a composite number?
False
Let h be 9/((-189)/70)*-3. Suppose -3*l = h*b - 5*b - 103528, 34510 = l + b. Is l a prime number?
True
Let a(n) = -6719*n + 1437. Let k(f) = -4479*f + 956. Let p(r) = -5*a(r) + 7*k(r). Is p(11) a composite number?
False
Let c be 495/(-105) - (-4)/(-14). Let r = 2 + -8. Is 4038 - (c + 6*r/(-9)) a prime number?
False
Let f(k) = 4897*k**3 - 3*k**2 + 604*k - 2439. Is f(4) prime?
False
Let a be (-146)/(976/(-3216) + (-2)/(-6)). Let j = 840 - a. Is j a composite number?
True
Let v be (-3*(-9)/18)/(2/(-272)). Let g(w) = -38*w - 21. Let q be g(-6). Let u = q - v. Is u composite?
True
Let h = -23 - -28. Let y = -4 - h. Let n(u) = -6*u + 17. Is n(y) prime?
True
Let x = -276 - -278. Suppose 0 = -x*i - 2*j + 2794, -5*i - 3905 = 4*j - 10895. Is i prime?
False
Let j be (-22166)/7 - (-9)/(-21) - 1. Let m = j + 1862. Let q = 1843 + m. Is q composite?
True
Let g(w) be the first derivative of 14*w**3/3 + w**2 - 5*w - 31. Suppose -4 = 5*t - 4*t. Is g(t) a prime number?
True
Let k(q) = -6 + q - q + 3*q + 1. Let t be k(4). Suppose b - 616 = -t*b. Is b a prime number?
False
Let x = -424 - -429. Suppose -664 - 665 = -2*t + x*q, -5*q = -t + 662. Is t prime?
False
Let l = 248958 - 114931. Is l a prime number?
False
Let z(m) = 17 - 2 + 92 - 1087*m + 150. Is z(-6) a composite number?
False
Suppose 3497292 + 919301 = 21*j - 3212686. Is j a prime number?
False
Let o(t) = -23556*t - 7682. Is o(-15) a prime number?
False
Suppose 6*r - a = 11*r - 614890, 3*a = -6*r + 737877. Is r a prime number?
False
Is 1/(-2*(-353862)/(-707727) + 1) a prime number?
False
Let v(z) = -35*z**3 - 2*z**2 + 3*z + 16. Suppose 0*k - 1 = k - 4*i, 5*k = i - 24. Let o be v(k). Let f = -2669 + o. Is f a prime number?
True
Let q(r) = -44*r**2 + 56*r**2 + 116*r**2 + r - 12*r**2 - 5. Is q(-2) a composite number?
False
Let p = 110 + -109. Is -2 - p/(4/(-13188)) a composite number?
True
Let p(d) = 6*d + 5*d + 9*d**2 - 4*d**2 - 4*d + 39 + 8*d. Is p(-29) a composite number?
True
Suppose -184452 = -m - 3*p + 100897, 0 = 5*m - p - 1426713. Is m prime?
True
Let m be ((-8)/(-5))/((-8)/(-20)). Let r be m/22 + (-62)/(-22) + 65. Let u = 403 - r. Is u composite?
True
Let a(i) = 3*i**2 - 570*i - 29. Is a(-54) prime?
True
Suppose -3*c = r - 0*r + 10, 0 = -4*r - 5*c - 12. Suppose -r*m - 2791 = -8927. Suppose -5*t + m = -8717. Is t composite?
False
Let h be (-8)/(-80)*5 + 19341/2. Suppose -11*b = -152 - h. Is b composite?
True
Let y = -1644 - -2509. Let g(o) = -2526*o. Let w be g(-1). Let c = w - y. Is c prime?
False
Let u(t) = 11*t**2 - 15*t + 3. Let b(l) = -l - 3. Let d be b(-9). Suppose -5*r - 11 = -d*r. Is u(r) a composite number?
True
Let a be 2799/6*(-3 - 22/(-6)). Suppose 0 = -a*c + 312*c - 3265. Is c composite?
True
Let a(h) = -4*h**2 + 854*h - 765. Is a(103) a prime number?
False
Suppose -4*t + 260326 + 312742 = 0. Suppose 241 = -26*v + t. Is v prime?
True
Suppose 0*j - j = -3*o - 9, 5*o + 10 = 0. Suppose q - 941 = -j*s, -4*q + s + 4740 = 1028. Is q a composite number?
False
Let k = -83561 + 139798. Is k prime?
True
Let r(m) = m**2 + 5*m - 13. Let f be r(-7). Let j(